
22
Let o(i) = 507*i + 600. Let d be o(5). Calculate the highest common factor of d and 55.
55
Let g be 14/10 + (-190)/(-25). Suppose 1774 = g*k - 3392. Calculate the greatest common divisor of 28 and k.
14
Suppose 61 - 376 = -7*b. Suppose -49 = -j - b. Suppose 4*r = -3*t + 375, -r + 54 = -j*t - 54. Calculate the greatest common divisor of 64 and r.
32
Let q = -712 - -3091. Suppose -i + q = 4*i + 2*h, 0 = -4*h + 8. Calculate the highest common factor of 19 and i.
19
Let i(l) = 33*l - 42. Let n be i(6). Let p be n/(-6)*(0 - 1). What is the highest common divisor of p and 65?
13
Let u = -47 + 47. Let v be ((u - 1) + 2)*(-2 + 1). Let m be (-2 - -5) + v + 23. Calculate the greatest common factor of m and 5.
5
Let c = 1900 + 6122. Calculate the greatest common divisor of c and 42.
42
Let v be (-3 - (4 - 9)) + 30. What is the highest common factor of 1152 and v?
32
Suppose 5*l + 2*n = 272, -4*l + 3*n = -109 - 104. Let p = -13 + 6. Let c be 135 - 0/(p/(14/4)). What is the greatest common divisor of l and c?
27
Suppose -7*h + 3*h = s - 156, -312 = -2*s - 5*h. Suppose -s = -59*c + 46*c. Calculate the greatest common divisor of 876 and c.
12
Let f = -101 + 105. Suppose 0 = 5*x - f*h - 301, -4*x + 0*h = h - 224. What is the highest common factor of 19 and x?
19
Let c = -150 + 345. Suppose 0 = 66*r - 59*r - 56. Suppose -194 - 118 = -r*x. Calculate the greatest common factor of x and c.
39
Suppose -5*r + 207 = -2*r. Suppose 12*t - 176 + 668 = 0. Let u be -2 + 0 - 1 - (15 + t). Calculate the highest common factor of r and u.
23
Let o = 20928 - 17477. What is the greatest common factor of 51 and o?
17
Let j be (4/10)/(((-22)/780)/(-11)). Suppose -3*h - o + 105 = 0, -h + 4*o + j = 3*h. Calculate the greatest common factor of h and 8.
4
Suppose 4*g = -189 + 25. Let u = -40 - g. Calculate the greatest common factor of 4 and u.
1
Suppose q = -2, 7*b - 2*q = 2*b + 54. Suppose b*r - 2*r = 624. Suppose -2*u = 3*h - 0*u - 56, -4*h = u - r. Calculate the greatest common factor of h and 10.
10
Let y(k) be the first derivative of k**4/4 + 9*k**3 + 47*k**2/2 + 2*k + 152. Let j be y(-25). Calculate the greatest common divisor of 35 and j.
7
Let d be 8140 + (4 - (-124)/(-28) - (-468)/(-84)). What is the highest common factor of d and 166?
166
Let s be (106/4 - -1)/(-84 - 217595/(-2590)). Calculate the highest common divisor of 925 and s.
185
Suppose s = -271 + 268, -4*s + 39508 = 5*v. Calculate the highest common factor of 112 and v.
16
Let h be (-10)/(2/(-6) + 3/(-45)). Suppose h = 19*i - 222. What is the highest common factor of 117 and i?
13
Let d(q) = -q**3 - 2*q**2 + 27*q + 70. Let i be d(-5). What is the highest common divisor of i and 2550?
10
Suppose -f - 150 = -5*o + 287, 4*o - 352 = 2*f. Let b = o - 82. Suppose q + 163 = 5*y, y - b*q + q - 25 = 0. What is the greatest common factor of y and 3?
3
Let h = 52 - 4. Let m = -45 + h. Let c be -4 - (0/m - 12). Calculate the greatest common factor of c and 88.
8
Let k = -15334 - -15338. Calculate the greatest common divisor of 783 and k.
1
Suppose -5*g = m - 617, -5*g + 51*m - 53*m = -614. What is the greatest common divisor of g and 341?
31
Let m(u) = 420*u - 472. Let r be m(13). Calculate the highest common divisor of r and 116.
116
Let w be (2/(-5) + 0)*-45. Let i(u) = -12*u - 103. Let l be i(-10). Let x be l + 20/(-12)*3. What is the greatest common divisor of w and x?
6
Suppose 3*h - 7 = -73. Let m be 70/h - 18/(-99). Let w be (-14)/(-6) + 1/m. What is the greatest common factor of w and 6?
2
Let z be (1 - 0)/((-7)/(-14)). Suppose -120 = -z*s - 3*s. Let i = s - 19. What is the highest common divisor of 20 and i?
5
Let s = 4 - -51. Let z = -339 - -416. What is the highest common factor of z and s?
11
Let d(o) = 12*o + 23. Let n be d(-4). Let j be (-6 - n) + -2 + 6. What is the greatest common factor of j and 299?
23
Let u be (-2090)/(-12) - -6*2/(-72). Let j = u - 118. What is the highest common divisor of 12 and j?
4
Suppose -a = -42*a + 2460. What is the greatest common factor of a and 108?
12
Let p be (-16 + -2)*212/(-6). Suppose -5*t - 3*y = -2149, -t - 195 = -5*y - p. Suppose 0 = -2*k + t - 127. What is the highest common factor of k and 19?
19
Suppose -236*k = -291*k + 440. What is the greatest common factor of 596 and k?
4
Suppose -6*r - 86 = -494. Suppose -n = -3*k - 2*n + r, 2*k = -5*n + 67. Let p = -484 - -715. Calculate the highest common divisor of p and k.
21
Suppose -24*f + 6*f + 792 = 0. Suppose -4*u + 5*j = -0*u - 132, 2*u = j + 66. Calculate the greatest common factor of u and f.
11
Let f = 6429 + -5757. What is the highest common factor of f and 5208?
168
Let i be -1*(-1)/((20/76)/5). Let x = i - -107. Calculate the greatest common divisor of x and 315.
63
Suppose 4*g = 26*g - 198. Suppose 657 = 18*z - g*z. What is the greatest common factor of z and 292?
73
Let h = 33140 - 30755. Calculate the highest common divisor of h and 105.
15
Let c be 1429/(-5) - (-8)/(-40). Let h be (c/8)/((18/24)/3). Let i = h - -276. What is the highest common divisor of i and 19?
19
Suppose 29*b + 3*u = 27*b + 178, 86 = b + 2*u. Calculate the greatest common divisor of b and 3556.
14
Let o(c) = c**3 - 8*c**2 + 16*c + 2. Let h be o(4). Suppose 62 = f - h*k, -3*k + 8*k + 245 = 4*f. Calculate the greatest common divisor of f and 180.
60
Suppose 75*z - 2316082 = -242482. Calculate the greatest common factor of 81 and z.
27
Let u(h) = h**3 - 8*h**2 - 20*h + 60. Let s be u(10). Suppose -4*m - s = -152. Calculate the highest common factor of m and 253.
23
Suppose 8*n - h + 7232 = 10*n, 14470 = 4*n + h. What is the highest common divisor of 154 and n?
77
Let q(n) = -7*n**3 - 5*n**2 - 8*n - 43. Let r be q(-6). Calculate the greatest common factor of r and 7.
7
Let c = -258 - -274. Let i(u) = 3*u**2 - 2*u - 40. Let v be i(6). Calculate the highest common divisor of v and c.
8
Let z(a) = -103*a + 325. Let c be z(2). What is the greatest common divisor of 68 and c?
17
Let g be (-11 + 1)/((-170)/68). Suppose u = -g*f - 4, -2*f - 10 = -2*u + 12. What is the greatest common factor of 664 and u?
8
Let w(o) = -6*o + 10 - 5 - 6 + o - 9. Let c be w(-4). Calculate the greatest common divisor of c and 295.
5
Let k be 4/22 + 9/11 - -1375. Suppose 3*t = -13*t - k. Let j = t + 91. Calculate the highest common factor of j and 55.
5
Let z(m) = 12*m**2 - 39*m + 44. Let q be z(12). Let u = q + -897. Let v be (0 - 1)/(1/(-37)). What is the highest common divisor of v and u?
37
Let r = -16 - -21. Let t(o) = 6*o. Let x be t(r). Let d = -47 + 122. Calculate the highest common factor of x and d.
15
Suppose 0 = 5*r + 11 + 19. Let m be (-3 - (-168 - 1)) + r. What is the highest common divisor of 400 and m?
80
Let i = -28 - -38. Let t be (-1)/(-1) - 19/(19/(-2)). Calculate the highest common divisor of i and t.
1
Let u be 3/4*2*14. Let j = u - 10. Suppose 1 = 5*z - c, c = -z - 0*c + 5. What is the greatest common divisor of j and z?
1
Suppose 5*o + 2*z = 62, 5*z - 50 = -7*o + 2*o. Suppose -2*m - 2352 = -o*m. Calculate the greatest common factor of m and 28.
28
Let p = -937 - -945. What is the highest common divisor of 1724 and p?
4
Suppose 5*z - 119 = -109. Suppose 0 = 2*k - 3*v - 1158, -2*k + 4*v + 2312 = z*k. Calculate the highest common factor of k and 24.
24
Suppose -17*c + 19*c - 176 = v, 668 = -4*v - c. Let r = -98 - v. Let s be (r - 0)/(-2 - -4). What is the greatest common divisor of 5 and s?
5
Let h(g) = -2*g**2 + 3*g + 21. Let s be h(-3). Let b be ((-7038)/(-3))/(s/(-4)). What is the highest common divisor of 92 and b?
92
Let i = -3410 - -3546. Calculate the greatest common factor of 1156 and i.
68
Let n = 22362 - 21497. What is the highest common divisor of n and 5?
5
Let s = 99 - -21. Suppose -z + 26 = -w, 2*w - 10 = -2. Suppose 0 = -n + z. Calculate the greatest common factor of s and n.
30
Let z(v) = -19*v**3 + 7*v**2 - v - 7. Let j be z(-1). Calculate the greatest common divisor of 135 and j.
5
Let v = -18 + 58. Let j(l) = 5*l + 10. Let n be j(22). Calculate the greatest common factor of v and n.
40
Suppose 21*p + 221 = 347. What is the greatest common divisor of 5370 and p?
6
Suppose -35*l + 537486 = 7844 - 120518. What is the highest common divisor of l and 129?
129
Suppose 0 = 10*n - 10 - 20. Let t(y) = -y**3 - 8*y**2 + 10*y + 16. L